5)?
9
Suppose 5*n + 7 = -8*l + 12*l, 5*l - 5 = 5*n. Let s(j) = -26*j**3 + j**2 + 18*j + 6. What is the units digit of s(n)?
3
Suppose -20 = -5*r + 5*o, 3*o + 2 + 10 = 5*r. Suppose -t + i + 3*i + 255 = r, -i = t - 275. What is the hundreds digit of t?
2
What is the thousands digit of ((-4)/10 - 188376/(-20))/((-24)/(-60))?
3
Let w(g) = 2*g**2 + 36*g - 31. Let p(a) = -2*a**3 - 2*a**2 + 2*a + 1. Let i be p(2). Let r be w(i). Suppose r*j - 8*j + 162 = 0. What is the tens digit of j?
6
Suppose 0*r = 5*r - 5*y - 55, y = -4. Suppose 0 = -25*b + r*b + 25434. What is the tens digit of b?
1
Let s = 23650 - -1884. What is the ten thousands digit of s?
2
Let r(c) = -3*c**2 + 20*c - 10. Let o be r(6). Let p be 0 + (2/12 - 51/(-18)). Suppose -p*b + 202 = h, o*h - 388 = -0*b - 2*b. What is the units digit of h?
0
Let y = -56439 - -108828. What is the hundreds digit of y?
3
Let x = 11830 + -7827. What is the tens digit of x?
0
Let t(h) = 64*h - 214. Let n be t(3). Let y(q) = -11*q + 31. What is the hundreds digit of y(n)?
2
Let v(b) = -56 + 238*b + 8 - 231*b. What is the units digit of v(8)?
8
Let i = -395 + 400. Suppose 2*m - 1492 = i*h - 9*h, 3*h + m - 1118 = 0. What is the units digit of h?
2
Suppose a + h + 15 = -3, 2*a + 3*h = -40. Let g(z) be the first derivative of -3*z**2/2 - 24*z - 334. What is the units digit of g(a)?
8
Let f(c) = -c**2 - 58*c - 255. What is the tens digit of f(-15)?
9
Suppose -17*n = -15*n - 3440. Suppose 4*l - n - 3560 = 4*g, 3960 = 3*l - 4*g. Suppose 11*b - l = -176. What is the hundreds digit of b?
1
Let v = -457 - 44. Let d = v + 851. Suppose 0 = -4*w + 2*g + 364, w = 5*w + 5*g - d. What is the tens digit of w?
9
Let r = 456 - -6966. What is the thousands digit of r?
7
Let m = 30744 - 4710. What is the thousands digit of m?
6
Let h = 1133 + -878. What is the hundreds digit of -1949*(2 + 1)*(-85)/h?
9
Let y(m) = 1016*m**2 + 88*m - 359. What is the ten thousands digit of y(4)?
1
Suppose -4*t + 88746 = -3*a - 47650, -3*a = -14*t + 477416. What is the units digit of t?
2
Let q be ((-12)/(-8) - 2)*(41 + -5). What is the thousands digit of -9*2/q*3 - -1187?
1
Suppose -6555211 = -298*r + 11350715. What is the ten thousands digit of r?
6
Let x = 106 - 103. Suppose -3*j - x*l + 2730 = 0, -l = -0*l. What is the units digit of j?
0
Let k(c) = c**3 - 10*c**2 + 5*c + 21. Let b be k(9). Let l be b/6*8/(-5). Suppose 2*d = -l*p + 428, 2*p = 2*d - 0*p - 440. What is the hundreds digit of d?
2
Let o(v) = -v**3 - v**2 + 7. Let i be o(0). Suppose -4*q + i*q - 1141 = -4*k, 2*q - 570 = -2*k. What is the hundreds digit of k?
2
Suppose -7802 = 4*s - 5*s + 5*d, 4*s + 3*d - 31070 = 0. What is the thousands digit of s?
7
Suppose 336 = 2*j + 278. Let u be 1/(-2) + (-2982)/12. Let r = j - u. What is the tens digit of r?
7
Let t(i) = 2*i**2 + 2*i + 2. Let w be t(4). Let r = w + -86. Let j = 21 - r. What is the units digit of j?
5
Suppose -14*h + 10*h + 20088 = 4*s, -2*h - 3*s + 10040 = 0. What is the tens digit of h?
2
Let n(x) = x**2 + 3*x - 5. Let k be n(-3). Let c(j) = 6*j**2 - 3*j - 3. Let v be c(k). Suppose 2*i = 2*g - 5*g + v, 3*g + i = 165. What is the units digit of g?
6
What is the units digit of (-10)/((-11)/11121*2)?
5
Let z = 546 + -597. What is the hundreds digit of ((-3)/2)/(z/7378)?
2
Let o be ((-8)/(-4))/(13/(-39)). Let b(y) = 12*y**2 + 13*y + 30. What is the units digit of b(o)?
4
Let f = 250 - 246. Suppose 0 = -f*y - 20, 2*s + 14*y - 16*y = 3026. What is the units digit of s?
8
Suppose 26*u = 86*u - 1826820. What is the thousands digit of u?
0
Suppose -5*l = h + 1432 - 4268, l = 5*h + 588. What is the tens digit of 185665/l + 1/8?
2
Suppose -3*t = 5*w + 2*t + 5, -2*w + 14 = -2*t. Let b(y) = -5*y + 5*y**2 - 2 - w*y + 10*y. What is the units digit of b(-3)?
7
Let q be ((-75)/(-50))/(-6*2/(-13408)). Suppose 4*l - 3278 = -3*i, -1598 = -4*l - i + q. What is the tens digit of l?
1
Let b(z) = 3*z**2 + 31*z + 19. Let f be (-1595)/116 + -1*1/4. Let k be b(f). Let g = -93 + k. What is the tens digit of g?
8
Suppose -5*m + u = -0*m + 23, 5*m + u + 27 = 0. Let n(r) be the second derivative of r**4/12 - 2*r**3/3 - r**2/2 - 3*r. What is the units digit of n(m)?
4
Let d be 0/(-5*6/(-15)). Suppose h + 4*j - j - 15 = d, 4*h + 5 = j. Suppose h = -2*p - 18 + 52. What is the tens digit of p?
1
Suppose -360*p + 361*p - 2 = 0. Suppose p*v = 180 + 956. What is the units digit of v?
8
Let k be (-8)/(-12)*3 - -3. Suppose 84*y = 2*g + 86*y - 388, 373 = 2*g + k*y. What is the hundreds digit of g?
1
Let l(t) = -221*t + 99. Let x be l(-13). Suppose m - 4*i - 378 = 380, i = 4*m - x. What is the hundreds digit of m?
7
Let g = 617 - 607. What is the units digit of g/(-8) - (-5053)/4?
2
Let k(o) be the first derivative of -21*o**2/2 - 44*o - 47. What is the units digit of k(-13)?
9
Let g be (-2)/13 + 39270/(-273). Let u be -27*((-6)/(-3))/2. Let y = u - g. What is the tens digit of y?
1
Suppose -4*n + 354 = -4*z + 134, 2*n = -4*z + 80. Let x be (20/15)/((-4)/(-12)). Suppose -n = -x*i + 34. What is the tens digit of i?
2
What is the ten thousands digit of 21693 + (-14)/(44/22)?
2
Suppose -2*i - 22 = -14. Let h be 0 + (16/(i - -2))/(-2). Suppose -h*d - 2*x + 294 = -0*d, 5*d = -x + 360. What is the units digit of d?
1
Suppose -4170847 = -239*x + 459852 + 347671. What is the tens digit of x?
3
Suppose -4*k + 62079 = -16*k + 398571. What is the ten thousands digit of k?
2
Suppose 2*y + 423 = -3*t, 3*y = -26*t + 29*t + 423. What is the units digit of 5*(t/(-15) + 4)?
7
Suppose -3*d + 1 = -4*v, -2*d = -4*d + 6. Suppose 5*l - v*l = 4*p - 3985, 5*p = -l + 5005. Suppose -10*z + p = -5*z. What is the tens digit of z?
0
Let h(n) = 4*n**2 - 36*n + 5. Let y be h(17). Suppose 0 = -5*p + g - y + 2163, 1272 = 4*p + 4*g. What is the hundreds digit of p?
3
Let s(z) = -6 - 47*z + 5*z - 2. Let b be s(-4). Suppose k = 5*r + b, 212 + 301 = 3*k - 4*r. What is the units digit of k?
5
Let q be (-2)/7 - (-5 + (-72)/7). Suppose q*o - 10*o - 700 = 0. What is the units digit of o?
0
Suppose -z - 13318 = 3*s - 88112, -3*z - s + 224454 = 0. What is the ten thousands digit of z?
7
Let d be (-1 - 7/(-5))/((-1)/(-10)). What is the tens digit of ((5 - 2) + (-10)/d)*1070?
3
Let m(g) = -131*g - 16 - 273*g - 114*g + 19*g + 39. What is the tens digit of m(-2)?
2
Suppose -828 + 822 = -3*a. Suppose 2*v + 4608 = 4*y, -a*y + 2280 = 2*v + 3*v. What is the units digit of y?
0
What is the hundreds digit of 165789/6 - (15 + (-580)/40)?
6
Suppose -92884 = -27*w + 63446. Suppose 0 = -6*v + 9*v, -w = -5*p - 2*v. What is the hundreds digit of p?
1
Let b(u) = -20*u + 44. Let z be b(-2). What is the hundreds digit of 10*-501*1*(-14)/z?
8
What is the tens digit of ((2 - -209)*78)/((-214)/(-321))?
8
Let v = 16878 + -735. What is the units digit of v?
3
Let z(u) = 262*u**2 + 13*u + 5. Suppose -169*o + 164*o - 10 = 0. What is the hundreds digit of z(o)?
0
Let r(n) = 10*n**2 - 155*n - 2515. What is the thousands digit of r(-63)?
6
What is the units digit of 1507/22*96 - 1*-1*4?
0
Let v = -2802 - -4710. What is the units digit of (2 + v/(-15))/((-12)/30)?
3
Let h(m) = m**3 - 12*m**2 + 6*m + 12. Let b = -30 - -11. Let x = 31 + b. What is the units digit of h(x)?
4
Let q(p) = p**2 - 299. What is the units digit of q(-83)?
0
Let d(v) = 13*v**2 - 59*v - 572. What is the thousands digit of d(-32)?
4
Suppose 3*m = -3*d + m + 177, -5*m = -3*d + 198. Let z = -67 + d. Let n(r) = -24*r - 3. What is the tens digit of n(z)?
4
Let h(m) = 1016*m**2 + 7*m + 4. Let u be h(-8). Let w = u - 108974. What is the units digit of (-2)/(-9) - (w/(-63))/(-7)?
0
Let k(i) = 14*i**2 + 4*i + 2. Let t be k(-1). Suppose t*h - 2212 = 5*h. What is the units digit of h?
6
Let y(t) = -43*t + 27. Let c be y(-3). Let g = -69 + c. What is the units digit of g?
7
Suppose 30*i - 26 = 28*i. Let f be (8 - i)*(-4)/10*2. Suppose -f*n = 2*p - 216, p - n = 6*p - 576. What is the tens digit of p?
1
Let a be (-8)/((-48)/42) + -2 - 199. Let b = a - -323. What is the units digit of b?
9
Suppose 2231 = 2*f - 5*q, -3*f + 22*q - 20*q + 3352 = 0. Let v = f - 601. What is the units digit of v?
7
Let m(s) = s**3 - 6*s**2 - 7*s + 7. Let h be m(5). Suppose 4*k - 3*w + 557 = 0, 39 + 244 = -2*k - 3*w. Let d = h - k. What is the tens digit of d?
8
What is the tens digit of (498/332)/(2